of 293967?
7
What is the hundred thousands digit of 428396?
4
What is the units digit of 797765?
5
What is the tens digit of 6962124?
2
What is the hundreds digit of 2861120?
1
What is the hundreds digit of 132540?
5
What is the units digit of 3685211?
1
What is the thousands digit of 40439?
0
What is the units digit of 1917723?
3
What is the thousands digit of 15248085?
8
What is the hundred thousands digit of 856826?
8
What is the hundreds digit of 909013?
0
What is the hundreds digit of 15185?
1
What is the hundred thousands digit of 4619035?
6
What is the units digit of 680582?
2
What is the hundreds digit of 186820?
8
What is the ten thousands digit of 691240?
9
What is the ten thousands digit of 22215?
2
What is the tens digit of 1168434?
3
What is the units digit of 4470078?
8
What is the hundreds digit of 204595?
5
What is the thousands digit of 2349035?
9
What is the units digit of 18604882?
2
What is the hundreds digit of 230390?
3
What is the hundred thousands digit of 116113?
1
What is the thousands digit of 611795?
1
What is the tens digit of 1601591?
9
What is the thousands digit of 3081995?
1
What is the hundred thousands digit of 5519152?
5
What is the units digit of 30302357?
7
What is the thousands digit of 374871?
4
What is the hundred thousands digit of 827509?
8
What is the thousands digit of 16046?
6
What is the hundred thousands digit of 1668363?
6
What is the tens digit of 8405981?
8
What is the thousands digit of 20961095?
1
What is the thousands digit of 13662608?
2
What is the ten thousands digit of 1805901?
0
What is the hundreds digit of 297130?
1
What is the units digit of 24266805?
5
What is the ten thousands digit of 3550944?
5
What is the units digit of 541848?
8
What is the ten thousands digit of 388319?
8
What is the hundreds digit of 928735?
7
What is the thousands digit of 23692810?
2
What is the millions digit of 1999928?
1
What is the units digit of 97115?
5
What is the ten thousands digit of 714927?
1
What is the hundreds digit of 6429403?
4
What is the hundreds digit of 264483?
4
What is the ten thousands digit of 522689?
2
What is the units digit of 891840?
0
What is the hundred thousands digit of 129661?
1
What is the units digit of 43027?
7
What is the ten thousands digit of 1027608?
2
What is the thousands digit of 207936?
7
What is the ten thousands digit of 3421386?
2
What is the units digit of 5892?
2
What is the tens digit of 431914?
1
What is the hundreds digit of 90134?
1
What is the ten thousands digit of 174299?
7
What is the units digit of 24676619?
9
What is the ten thousands digit of 111689?
1
What is the hundreds digit of 4418431?
4
What is the thousands digit of 297230?
7
What is the tens digit of 303184?
8
What is the millions digit of 1506109?
1
What is the hundreds digit of 131838?
8
What is the thousands digit of 182707?
2
What is the thousands digit of 63159?
3
What is the hundreds digit of 1112875?
8
What is the hundred thousands digit of 2686870?
6
What is the ten thousands digit of 4314201?
1
What is the thousands digit of 238444?
8
What is the units digit of 159821?
1
What is the tens digit of 3006?
0
What is the millions digit of 5767090?
5
What is the thousands digit of 1523657?
3
What is the hundreds digit of 730863?
8
What is the tens digit of 120914?
1
What is the ten thousands digit of 487996?
8
What is the hundreds digit of 709258?
2
What is the ten thousands digit of 3779612?
7
What is the hundred thousands digit of 2807713?
8
What is the ten millions digit of 15489856?
1
What is the thousands digit of 1835218?
5
What is the units digit of 924151?
1
What is the units digit of 185841?
1
What is the hundreds digit of 6408043?
0
What is the tens digit of 1141605?
0
What is the thousands digit of 278390?
8
What is the ten thousands digit of 855279?
5
What is the ten thousands digit of 133898?
3
What is the hundreds digit of 1970162?
1
What is the ten thousands digit of 532509?
3
What is the thousands digit of 100193?
0
What is the ten thousands digit of 217385?
1
What is the hundred thousands digit of 2119071?
1
What is the thousands digit of 1152859?
2
What is the units digit of 13741513?
3
What is the tens digit of 423094?
9
What is the hundred thousands digit of 11284279?
2
What is the units digit of 1579006?
6
What is the hundreds digit of 2788176?
1
What is the hundreds digit of 20521381?
3
What is the hundreds digit of 1928633?
6
What is the hundred thousands digit of 3501089?
5
What is the hundred thousands digit of 1601134?
6
What is the ten thousands digit of 907280?
0
What is the thousands digit of 1522928?
2
What is the tens digit of 1077574?
7
What is the units digit of 4902472?
2
What is the units digit of 1172378?
8
What is the millions digit of 4887593?
4
What is the ten thousands digit of 963303?
6
What is the hundreds digit of 1229544?
5
What is the tens digit of 22497?
9
What is the ten thousands digit of 2206900?
0
What is the hundreds digit of 702053?
0
What is the millions digit of 5829213?
5
What is the tens digit of 677165?
6
What is the thousands digit of 14283953?
3
What is the hundred thousands digit of 206004?
2
What is the units digit of 46586?
6
What is the units digit of 120379?
9
What is the hundred thousands digit of 1062959?
0
What is the units digit of 4100034?
4
What is the hundreds digit of 174628?
6
What is the millions digit of 9097239?
9
What is the ten millions digit of 25946980?
2
What is the ten thousands digit of 22586375?
8
What is the tens digit of 177935?
3
What is the millions digit of 1014222?
1
What is the tens digit of 349093?
9
What is the millions digit of 3759742?
3
What is the hundreds digit of 718887?
8
What is the ten millions digit of 21231290?
2
What is the ten thousands digit of 2364305?
6
What is the millions digit of 1503906?
1
What is the hundreds digit of 642138?
1
What is the hundred thousands digit of 2806118?
8
What is the ten thousands digit of 444200?
4
What is the ten thousands digit of 4256116?
5
What is the millions digit of 28250232?
8
What is the tens digit of 491900?
0
What is the ten thousands digit of 18179?
1
What is the ten thousands digit of 643964?
4
What is the thousands digit of 366730?
6
What is the hundreds digit of 958?
9
What is the ten thousands digit of 21109385?
0
What is the hundreds digit of 3659340?
3
What is the thousands digit of 19054?
9
What is the hundreds digit of 231496?
4
What is the hundreds digit of 1764046?
0
What is the ten thousands digit of 754878?
5
What is the millions digit of 22828568?
2
What is the ten thousands digit of 117238?
1
What is the thousands digit of 1515539?
5
What is the ten thousands digit of 14533881?
3
What is the ten thousands digit of 163591?
6
What is the thousands digit of 5145990?
5
What is the hundred thousands digit of 191148?
1
What is the tens digit of 197713?
1
What is the units digit of 5625178?
8
What is the millions digit of 3009244?
3
What is the millions digit of 39355099?
9
What is the thousands digit of 781200?
1
What is the tens digit of 1198329?
2
What is the ten thousands digit of 61659?
6
What is the ten thousands digit of 17052257?
5
What is the thousands digit of 1405856?
5
What is the units digit of 5710211?
1
What is the ten millions digit of 10444627?
1
What is the hundred thousands digit of 3104092?
1
What is the millions digit of 4513775?
4
What is the thousands digit of 36101210?
1
What is the thousands digit of 964781?
4
What is the hundred thousands digit of 299998?
2
What is the units digit of 5483271?
1
What is the thousands digit of 223427?
3
What is the tens digit of 380075?
7
What is the units digit of 100396?
6
What is the tens digit of 1876099?
9
What is the thousands digit of 1540197?
0
What is the ten thousands digit of 11492853?
9
What is the ten thousands digit of 35545?
3
What is the ten thousands digit of 11749959?
4
What is the units digit of 10423810?
0
What is the tens digit of 32297422?
2
What is the units digit of 69945?
5
What is the hundred thousands digit of 514035?
5
What is the millions digit of 27517502?
7
What is the ten thousands digit of 198082?
9
What is the thousands digit of 12954117?
4
What is the ten thousands digit of 5081104?
8
What is the hundred thousands digit of 224790?
2
What